he highest common factor of 68 and 102?
34
Calculate the highest common factor of 2090 and 660.
110
Calculate the highest common divisor of 5 and 535.
5
Calculate the greatest common factor of 12 and 219.
3
What is the highest common factor of 88 and 72?
8
Calculate the greatest common divisor of 168 and 350.
14
Calculate the greatest common divisor of 1 and 1108.
1
Calculate the highest common divisor of 54 and 576.
18
What is the greatest common factor of 3 and 723?
3
Calculate the highest common divisor of 273 and 312.
39
What is the highest common factor of 8644 and 16?
4
What is the greatest common factor of 42655 and 95?
95
What is the greatest common factor of 30 and 65?
5
Calculate the highest common divisor of 141 and 658.
47
What is the highest common divisor of 116 and 145?
29
Calculate the highest common divisor of 224 and 2656.
32
Calculate the highest common factor of 192 and 80.
16
Calculate the greatest common divisor of 272 and 20.
4
Calculate the highest common divisor of 49 and 119.
7
What is the highest common factor of 1309 and 7616?
119
What is the greatest common divisor of 76 and 19?
19
Calculate the greatest common divisor of 301 and 938.
7
Calculate the highest common factor of 144 and 3762.
18
Calculate the highest common divisor of 12 and 1076.
4
What is the highest common factor of 2313 and 27?
9
What is the highest common divisor of 360 and 495?
45
What is the highest common factor of 361 and 266?
19
What is the greatest common divisor of 110 and 250?
10
What is the highest common divisor of 108 and 54?
54
What is the greatest common factor of 38 and 1216?
38
Calculate the highest common factor of 808 and 4646.
202
What is the highest common divisor of 25 and 3140?
5
What is the highest common factor of 374 and 22?
22
What is the highest common divisor of 700 and 56?
28
What is the greatest common factor of 458 and 2?
2
What is the greatest common divisor of 390 and 210?
30
What is the greatest common divisor of 124 and 155?
31
Calculate the highest common factor of 99 and 132.
33
Calculate the highest common factor of 53 and 2491.
53
What is the greatest common factor of 12267 and 282?
141
Calculate the highest common divisor of 234 and 36.
18
What is the greatest common factor of 832 and 256?
64
What is the greatest common factor of 6240 and 16?
16
Calculate the highest common divisor of 8078 and 14.
14
Calculate the greatest common divisor of 182 and 104.
26
Calculate the highest common factor of 323 and 304.
19
What is the highest common divisor of 380 and 36?
4
What is the greatest common factor of 33 and 275?
11
What is the highest common divisor of 121 and 11?
11
What is the greatest common divisor of 11 and 1?
1
Calculate the greatest common factor of 39 and 11778.
39
Calculate the greatest common factor of 9 and 1557.
9
What is the highest common divisor of 30450 and 58?
58
Calculate the highest common divisor of 12393 and 102.
51
What is the highest common factor of 50 and 2?
2
Calculate the greatest common divisor of 288 and 36.
36
What is the greatest common divisor of 378 and 84?
42
What is the highest common divisor of 10405 and 5?
5
What is the greatest common divisor of 18 and 5139?
9
What is the greatest common factor of 253 and 11?
11
What is the greatest common divisor of 2300 and 92?
92
What is the greatest common divisor of 39 and 3?
3
What is the greatest common factor of 625 and 50?
25
Calculate the greatest common factor of 832 and 432.
16
What is the highest common factor of 16 and 8224?
16
What is the highest common factor of 495 and 44?
11
Calculate the highest common divisor of 20 and 4380.
20
What is the greatest common factor of 52 and 364?
52
Calculate the highest common divisor of 2100 and 308.
28
What is the greatest common factor of 512 and 48?
16
Calculate the greatest common divisor of 1250 and 10.
10
What is the highest common divisor of 114 and 1425?
57
What is the greatest common factor of 165 and 99?
33
What is the highest common factor of 1161 and 86?
43
Calculate the greatest common factor of 603 and 6.
3
What is the greatest common factor of 58 and 424?
2
What is the highest common factor of 35 and 35?
35
What is the greatest common factor of 716 and 2327?
179
Calculate the greatest common divisor of 218 and 1199.
109
What is the greatest common factor of 7946 and 58?
58
Calculate the highest common factor of 18 and 162.
18
Calculate the greatest common divisor of 13915 and 23.
23
Calculate the highest common factor of 261 and 13340.
29
Calculate the greatest common factor of 234 and 8307.
117
What is the greatest common factor of 473 and 363?
11
What is the greatest common factor of 25 and 800?
25
What is the highest common divisor of 20 and 330?
10
What is the highest common factor of 47 and 1504?
47
What is the greatest common factor of 30 and 195?
15
What is the highest common divisor of 36 and 444?
12
What is the greatest common factor of 20 and 1150?
10
Calculate the highest common factor of 156 and 585.
39
What is the highest common factor of 711 and 869?
79
What is the highest common divisor of 37058 and 14?
14
Calculate the greatest common factor of 2739 and 561.
33
Calculate the highest common divisor of 55 and 1815.
55
Calculate the greatest common factor of 10 and 3470.
10
Calculate the highest common factor of 111 and 110667.
111
What is the greatest common divisor of 496 and 144?
16
What is the highest common factor of 1763 and 41?
41
Calculate the greatest common divisor of 1337 and 14.
7
What is the greatest common factor of 7739 and 71?
71
What is the highest common factor of 567 and 819?
63
Calculate the highest common divisor of 50315 and 58.
29
What is the greatest common factor of 42 and 17654?
14
What is the highest common factor of 28480 and 178?
178
Calculate the highest common divisor of 132 and 88.
44
Calculate the highest common factor of 14 and 23338.
14
Calculate the greatest common factor of 52 and 20.
4
What is the highest common factor of 14 and 6300?
14
Calculate the highest common divisor of 23 and 12972.
23
Calculate the highest common divisor of 12 and 4146.
6
Calculate the highest common divisor of 9148 and 4.
4
Calculate the highest common divisor of 567 and 63.
63
Calculate the greatest common divisor of 32 and 144.
16
What is the highest common factor of 30 and 20?
10
What is the greatest common divisor of 30 and 3495?
15
Calculate the highest common factor of 208 and 176.
16
Calculate the highest common factor of 45 and 165.
15
What is the highest common divisor of 45 and 360?
45
Calculate the greatest common divisor of 7 and 2863.
7
Calculate the highest common factor of 24 and 172.
4
What is the highest common factor of 1325 and 477?
53
What is the greatest common divisor of 127 and 635?
127
What is the highest common factor of 736 and 23?
23
What is the greatest common factor of 6 and 96?
6
What is the highest common factor of 1355 and 5149?
271
Calculate the highest common divisor of 11 and 33.
11
Calculate the highest common divisor of 32 and 868.
4
What is the greatest common divisor of 20 and 170?
10
Calculate the greatest common factor of 85 and 65.
5
What is the highest common divisor of 55 and 400?
5
Calculate the greatest common factor of 7254 and 1872.
234
Calculate the greatest common divisor of 350 and 1120.
70
What is the greatest common divisor of 9 and 21?
3
What is the greatest common divisor of 136 and 884?
68
What is the highest common factor of 1624 and 1120?
56
Calculate the greatest common factor of 315 and 105.
105
What is the greatest common factor of 695 and 145?
5
What is the greatest common divisor of 40 and 50?
10
What is the greatest common divisor of 3123 and 63?
9
Calculate the highest common factor of 29174 and 58.
58
Calculate the highest common factor of 234 and 390.
78
Calculate the greatest common factor of 36 and 126.
18
Calculate the greatest common factor of 33 and 836.
11
What is the highest common divisor of 64 and 2336?
32
What is the highest common factor of 220 and 20?
20
What is the greatest common divisor of 11 and 2497?
11
What is the greatest common divisor of 11 and 24024?
11
Calculate the highest common factor of 205 and 4346.
41
What is the greatest common divisor of 33 and 6